/(-19669)). Suppose -3*g = -2*j - 0*g + 15, 0 = j + 3*g + 6. Suppose j*z + s = 1830. Is z prime?
True
Let s = -470 - -789. Suppose 0 = j - 5, -j + s = -5*t + 7*t. Is t prime?
True
Let i = -3267 + 5024. Is i composite?
True
Let m(b) be the first derivative of 31*b**4/4 - b**3/3 - 9*b**2/2 - b - 11. Is m(4) a composite number?
False
Suppose -552744 - 756911 = -5*n - 5*s, 0 = 5*n + s - 1309623. Is n a composite number?
True
Let i(o) = -683*o + 407. Is i(-28) prime?
True
Let y(v) = -2*v - 116. Let s be y(-54). Let r(l) = 97*l**2 - 19*l - 11. Is r(s) composite?
True
Suppose 5*v = -3*v - 12*v. Suppose b - 3*a + 126 - 5267 = v, b + 3*a - 5141 = 0. Is b a composite number?
True
Let y(k) = 13*k**2 - 9*k + 3. Let x be y(-7). Let j = x - 1204. Let b = -244 - j. Is b composite?
False
Suppose 1825*l + 8225610 = 1855*l. Is l a prime number?
True
Let x(t) = -8 + 749*t + 15 - 79*t. Let c be (-24)/30 + 45/25. Is x(c) composite?
False
Let q be (5 - 1137/(-2))/(3/6). Suppose -20 = -5*n, -q = 7*h - 10*h - 4*n. Is h a composite number?
True
Suppose 17*x - 20*x + 176959 = -5*b, -2*x = 2*b - 117962. Is x prime?
False
Suppose -3*x - q = -194, 30 - 92 = -x - q. Let a = 219 - 214. Suppose -p = z - 140 - x, 1027 = a*z + 2*p. Is z a prime number?
False
Let g = 51 + -48. Suppose -g*b - 4*n + 1560 = b, b = n + 398. Let z = 52 + b. Is z composite?
True
Suppose 0 = -26*k + 29*k - 18. Let s(n) = 21*n - 1. Let x(r) = 43*r - 1. Let w(o) = k*x(o) - 13*s(o). Is w(-16) composite?
True
Let p = -375 - 451. Let d = -522 - p. Suppose l + 0*t - 5*t - d = 0, -2*l + t = -599. Is l a prime number?
False
Let g(q) be the third derivative of 33*q**5/10 - q**4/3 + 7*q**3/6 - 86*q**2. Is g(-6) prime?
False
Suppose 80*x - 87*x + 35 = 0. Suppose -x*y - 27925 = -5*d, 3*d - 5*y = 10417 + 6342. Is d composite?
True
Let b = -15740 - -129177. Is b a composite number?
False
Let h be (-84)/56*(-3)/((-27)/(-22476)). Suppose -j = -h - 3033. Is j a composite number?
False
Suppose -25*t = -18*t + 267113. Is t/(-22) + 1/2 a prime number?
False
Suppose 0 = -3*o - 0*o - 5*y + 18, 12 = 3*o + 3*y. Suppose 0 = 2*w + 2*v + 1 + o, -2*w + 5*v - 16 = 0. Is 2 + -1 + w/1 - -867 prime?
False
Let v = 231 - 227. Suppose -664 = -2*j + 2*y, -v*j - 2*y - y = -1349. Is j a composite number?
True
Let q be -10 - -13 - (-2)/(2/(-1)). Suppose -9*u + q*u + 28 = 0. Is (u - 65/3)*3*-1 a prime number?
True
Suppose -i = -5*v + 512855, v - 5*i + 8*i = 102571. Is v composite?
True
Suppose 10*x + 288 = 4*x. Let v be (-3)/x*4*0. Suppose -4*w + 57 + 155 = v. Is w a prime number?
True
Let b be -5*6/(-20)*(-16)/(-6). Suppose -2*c + 3*q = -6*c + 113, q = b*c - 101. Is c prime?
False
Suppose -13*x + 17*x = 8, 0 = 5*t + 3*x - 1479761. Is t a prime number?
True
Let m(a) = a**2 + 32*a - 7. Let z be m(-15). Let g = z - -2689. Is g composite?
True
Suppose -112372545 = -613*h - 32*h. Is h a composite number?
False
Let q(f) = -4*f + 1. Let h be q(-6). Suppose -4*y - y = h. Let b(s) = -2*s**3 - 2*s**2 + 7*s - 4. Is b(y) composite?
True
Suppose -3*r - 57706 + 137341 = 0. Is r a composite number?
True
Is (-642168)/(-15) - ((-104)/(-20) - 5) composite?
True
Let n = -6861 - -11642. Is 4*(-1 - 0) + n prime?
False
Is 49299 - (20 + (-70)/4)*(-32)/10 composite?
False
Let i(w) = 5*w**2 + w - 1. Let b(s) = -386*s**2 + 29*s + 68. Let z(n) = -b(n) + 5*i(n). Is z(-4) composite?
False
Suppose -4*i = -3*m + 4 - 15, 7 = 4*i + m. Suppose 5*o = -f + 14861, i*f + 3*o + 59398 = 6*f. Is f prime?
True
Suppose 3*g = 14 - 2, -3*g + 447658 = 2*w. Is w prime?
True
Let d = 49546 - 2993. Is d composite?
True
Let n(p) = 8*p + 48. Let c be n(-6). Is (25/5 - (-5393 + c))/2 a prime number?
True
Is (1 + -3)*(-27777447)/522 prime?
True
Suppose 0 = 61*h - 60*h - 11. Let c = -7 + h. Suppose c*g + 243 = -3*s + 786, 4*s = 3*g + 724. Is s a prime number?
True
Let f(r) = 786*r**2 + 27*r + 574. Is f(-17) composite?
True
Let m be ((-13)/((-195)/(-10)))/((-4)/24). Suppose 5*o - 12790 = -2*v, -m*v + 5*v - 6373 = 3*o. Is v prime?
False
Suppose -30 - 255 = -5*t. Let s = t - 54. Suppose 649 = 5*j - 3*h, -s*h + 1 = -5. Is j prime?
True
Suppose 5*u - 33 = -43. Let n be (-1 + u)*(-4)/3. Suppose 5*h - 394 - 939 = n*o, 267 = h - o. Is h prime?
False
Let o be (-7 - (4 + -8425)) + -3. Suppose -1596 = -c + o. Is c prime?
True
Suppose 0 = -11*z - 4*z - 3*z. Let u(w) = w**3 + 2*w**2 + 3*w + 6662. Is u(z) a prime number?
False
Suppose 4*t - 22360 = 2*c + 20556, -3*t + c + 32186 = 0. Let f = -3785 + t. Is f prime?
False
Let u be 4/(-6) - (-6)/9. Suppose 5*l - 3*f - 6523 = 0, 2*f - 1604 = -5*l + 4939. Suppose 5*p + 4*i = l, u = -p - p - 4*i + 530. Is p prime?
False
Let o(f) = -f**2 - 38*f - 11. Let d be o(-15). Suppose -4*k + 144 = -5*w - 404, -3*w - d = -5*k. Let p = w - -287. Is p prime?
True
Let u = -72 - -78. Suppose 3*d - 4*n + 7*n + u = 0, 0 = -3*d - n + 4. Suppose -4*o - 205 = -k - 0*o, 615 = d*k + 4*o. Is k prime?
False
Let y(r) = 44*r**2 - 4*r. Let i = -1 - 8. Let g be y(i). Let l = -1489 + g. Is l composite?
False
Let x = 3088 + -2482. Let l = 4 - 1. Suppose 891 = l*t - x. Is t prime?
True
Let m(w) = 5*w**3 - 7*w + 18517. Is m(0) prime?
True
Suppose i = 3*a - 3741 + 17357, -5*i = 4*a - 68061. Is i a prime number?
True
Suppose 0 = -5*o + 8 + 12. Let k be -4 + (-8)/(o + -5). Suppose 633 = k*t - 0*t - u, 339 = 2*t - 5*u. Is t composite?
False
Let n be 25*(-3)/(-15) - -10118. Suppose 4*p - 4*i = n + 29309, 0 = 2*p - i - 19711. Is p composite?
True
Suppose 2*j = 2*k + 10 + 6, 0 = 3*j + 3*k - 18. Let v(b) = 9*b**3 + 2*b**2 + 2*b - 36. Is v(j) composite?
False
Is (-341123)/(-9) + (7 - 5) + (-70)/45 a composite number?
True
Let j be 3 + 5/(20/14448). Suppose 0 = 4*p - j + 779. Is p prime?
True
Let c(o) = -985*o**2 + 11*o - 21. Let s be c(2). Let r = s - -25252. Is r a prime number?
True
Let g be ((-1)/7)/((-3)/63). Suppose s - 6978 = -2*f, 5*f + g*s = 9*f - 13976. Is f a prime number?
True
Suppose 98*m - 149112 = 92*m. Suppose -8*x = -5*x + 3*a - m, 2*a - 24853 = -3*x. Is x composite?
True
Let t(k) = 45*k**2 - k - 6. Let m be t(10). Let c = m + -2071. Suppose -8*z = -c + 381. Is z a composite number?
True
Let p be (-4)/22 + (-360)/198. Let y = p + 7. Suppose -4 = 2*s, -y*a + s + 71 + 346 = 0. Is a a composite number?
False
Is ((4582332/24)/9)/(9/6) composite?
False
Let b(i) = -20684*i + 17. Let l be b(-6). Let h = l - 87036. Is h a composite number?
True
Let j be ((-4302)/(-8) - 3) + (-6)/(-24). Let k = 982 + j. Is k a prime number?
False
Suppose -v + 34433 = 4*x - 16168, 3*v = 2*x - 25283. Let m = -6390 + x. Is m a composite number?
True
Let y(w) be the second derivative of 2*w**7/315 + 7*w**6/360 + w**5/15 - 3*w**4/4 + 40*w. Let r(u) be the third derivative of y(u). Is r(-7) a composite number?
True
Let u be 2*(0 + (-169)/26). Let r(f) = 7*f**3 + 4*f**2 + 7*f - 1. Let l(o) = 6*o**3 + 5*o**2 + 8*o - 1. Let g(d) = -6*l(d) + 5*r(d). Is g(u) prime?
True
Suppose 0*o = 3*o - 34350. Suppose 166*c + 24*c - 576686 = 1055604. Suppose 3*k + 2*f = c, k - 2*f = -3*k + o. Is k composite?
True
Let t = -54009 + -33778. Is t/(-10) - (-111)/370 composite?
False
Suppose -120*k + 21744596 = -37*k + 81*k. Is k a prime number?
True
Suppose 2*y + 621231 = 3*s, -8*s + 5*s = 5*y - 621189. Is s prime?
True
Let w = -141637 - -310086. Is w a composite number?
False
Let q(t) = 75*t**3 - 19*t**2 + 48*t - 25. Is q(13) composite?
True
Let o(l) = 9*l**3 - 4*l**2 + 5*l + 56. Let q be o(-5). Let p = 6889 - q. Is p prime?
False
Let u(k) = k**3 + 13*k**2 - 6*k - 9. Let a be u(-13). Let i = -65 + a. Suppose 3*j - 425 = -t, 2*t + i*j = t + 427. Is t a composite number?
False
Suppose 0 = 28*v + 9913 - 119085. Is v prime?
False
Suppose 131*q + 22572301 = -17*q + 63923057. Is q a composite number?
False
Let p(l) = 30*l**2 - l + 1 - 36*l**2 - 4*l + 33*l**2. Is p(-5) prime?
True
Suppose 261 - 624 = -11*p. Suppose -23*d - 170410 = -p*d. Is d a composite number?
False
Let t = -283707 + 520540. Is t a composite number?
True
Let a = 8277 + 25102. Is a prime?
False
Suppose 10 = 5*h - 5*k, 3*k = 4*h + 5*k + 10. Let a(b) = -444*b + 2. Is a(h) composite?
True
Let y = -355197 + 509398. Is y prime?
False
Let p = -103412 + 297319. Is p prime?
False
Suppose -2*x + 2*j = -138, 9*x - 2*j = 4*x + 333. Let y(h) = -h**3 - 3*h**2 + 11*h + 23. Let c be y(-5). Le